 is 2 + (-37 + 20 - -4)?
-11
20 + (9 - 17) + -26 + 20
6
Calculate -9 + 5 + 6 + -1 - 8.
-7
What is the value of (-18 - -30) + -22 - 18?
-28
What is the value of -9 + 1 + (-22 - -22) + 41 - 2?
31
Calculate -6 + -6 + -8 + 12.
-8
What is the value of (-12 - (-21 - -19)) + -7 + 6?
-11
Calculate 2 + -1 + (12 + -10 - 9).
-6
Calculate -12 + (5 - -3) - (18 + -27).
5
What is -4 + 23 + -12 - 0?
7
-10 - (14 + (-6 - (-7 - -13)))
-12
What is -457 - -457 - (22 + -1 - 1)?
-20
(0 - 10) + (-106 - -117)
1
-4 - (6 - (-8 - (8 - (19 - -6))))
-1
What is (-50 - -38) + -9 + 35?
14
What is the value of -2 - ((-15 - 1) + 8 - 0)?
6
Evaluate -2 + -2 - 6 - (1 + (-3 - 0)).
-8
What is 21 - (-11 - 14 - -20)?
26
What is the value of (-4 - -3) + 0 + -29 + 34?
4
Evaluate (-14 - -40) + -12 + (-4 + 6 - 9).
7
Evaluate -4 - (14 - (8 + -13)).
-23
-1 + 3 + (18 - 30) - (-3 + -4)
-3
(4 - 3 - (-1 - -7)) + -6 + 22
11
(1 - (5 - (-6 - -3))) + (-6 - -1)
-12
What is the value of -4 + (12 - (-2 - (13 - 13)))?
10
386 - 346 - (7 - -2)
31
What is the value of (148 - 159 - (-39 + -1)) + 0 + -7?
22
Evaluate -11 + (4 - 1 - (29 + 0 - 20)).
-17
Calculate 7 + -7 + (1 - -2) + (1 - -4).
8
Evaluate -4 + (28 + -16 - 20) + (0 - 1).
-13
Evaluate -9 - (-2 + -15 - -3).
5
What is the value of -20 + (-2 - -10) + (5 - 0)?
-7
What is 11 + (-19 - 0) + 9 + -1 + -8?
-8
Evaluate -5 + (6 + 4 - 10) + (1 - -24).
20
Evaluate 2 - (-8 + 3) - 2 - (6 - -5).
-6
(14 - (-1 + 0)) + (-28 - (-27 + 3))
11
Evaluate (-5 - (0 + 3)) + (25 - 18).
-1
What is the value of 1 + -1 + 13 + (204 - 208)?
9
Calculate 11 - (-22 + (27 - -27)).
-21
Calculate 3 + 1 + (-13 - -7) - (4 - 1).
-5
0 + (-5 - 3 - -3) + 12
7
Evaluate 6 - (-16 + 12 + -5 + -6 - -6).
15
Evaluate 42 - (8 - -1) - (-9 - (-20 - 0)).
22
Calculate 10 + (12 - 38) - -12.
-4
Calculate 6 - (7 + (0 - 5)) - (-36 - -35).
5
What is -7 + 13 + (-7 - -1) - (-6 + 1)?
5
What is the value of 0 - -1 - -2 - 9 - (-16 + 19)?
-9
What is 11 + (-6 - 0) + 5 + -22?
-12
What is the value of -6 - ((-3 - -3) + 6) - (-2 - 2)?
-8
What is (1 - 19) + 11 - -1?
-6
Calculate (33 - 24) + -24 + 6.
-9
Calculate 23 - (-19 + 26 - -24).
-8
Calculate (-17 - -7) + 1 + 5 + 8 + 2.
6
What is 0 + (10 - 4 - 8) + 3 - -9?
10
What is (-4 - 0) + (6 - 0 - -5) + -19?
-12
Calculate 20 - ((-8 - 3) + 18).
13
What is the value of (16 - (8 + -12 + 36)) + (0 - 1)?
-17
What is the value of (2 - -10 - -6) + -14 - -21?
25
Calculate 31 - (1 + 23) - -19.
26
What is 56 + -64 + -4 + 36 + 1 + 0?
25
Evaluate (5 - -16) + (-4 + -3 + -3 - -7).
18
-3 + (5 - (-9 - -8)) + -2
1
What is 7 - (12 + -52 + 25)?
22
Evaluate -9 - (-46 + (13 - -2)).
22
Evaluate (17 - 33) + 18 - 1.
1
(6 - -3) + -1 - (9 - (15 - 16))
-2
What is the value of (31 - (42 - -16)) + 56?
29
(-14 - -2 - -40) + -19
9
What is -3 + -9 + 121 + -122?
-13
What is the value of (6 - 18) + -1 + 20?
7
(-18 - -16) + 14 + -12
0
Calculate -2 + 2 + -4 + -64 + 35.
-33
Evaluate (-8 - (-25 + 11)) + -5 + 13.
14
Calculate 5 + -7 - (-6 + (-11 - (13 + -25))).
3
What is 25 - -8 - (3 - -33)?
-3
-18 + -9 + 22 + 6 + -15
-14
What is (14 - 9 - 9) + 14?
10
What is the value of 23 + (4 - (5 + 7 + 19 + -23))?
19
What is the value of 3 - (1 - -1) - -2 - (213 + -209)?
-1
Calculate 4 + -19 - (-11 + 12 + -3 + -3).
-10
0 + 19 + (6 - (-3 + 6))
22
What is the value of 24 + (-44 - -14) + (-2 - -8)?
0
Calculate 12 + -19 + -19 + 12.
-14
Evaluate -4 - (8 + -12 - -12).
-12
-11 + -2 - 3 - (-125 - -133)
-24
Calculate (13 - 41) + 27 + -14.
-15
Calculate (0 - 2) + (13 + -13 - -3 - 11).
-10
Evaluate 964 + -955 - (14 - 1).
-4
What is (0 + 0 - 13) + -1043 + 1037?
-19
-8 + (-2 - (1 + 1)) - (-28 + -4)
20
Evaluate (3 - (-3 + 6) - 20) + 47 + -40.
-13
4 + 8 + (-24 - 6)
-18
What is the value of 455 + -428 + 6 + -1?
32
Calculate 5 + 6 + -12 + 8.
7
Calculate 6 - 30 - (59 + -53 + -1 + -7).
-22
Calculate -14 + 24 - (-10 - (1 + -6)).
15
(26 + -27 + 15 - 0) + -39
-25
-23 - ((-47 - -19) + 17)
-12
What is 4 + 5 + (-10 - (-13 - -5))?
7
Calculate 4 - (-35 + 17 + 6).
16
What is 32 - 21 - (-2 + -3 + (-54 - -59))?
11
Calculate (6 - (-3 - 4)) + -5.
8
(7 - -1) + 25 + -1 + -13 + -2
17
What is -8 + -15 + 21 - 16?
-18
4 + (-1 - (-12 + 4) - 16)
-5
Calculate 36 + -28 + -11 - (7 - (0 - -2)).
-8
Calculate 37 - 0 - 43 - (3 - (-2 + 3)).
-8
Calculate 1 - -2 - (7 - (-17 + 15 - -19)).
13
Evaluate -36 + (-3 - -5) + 63.
29
Calculate 2 + 6 + ((-6 - -8) + -11 - 16).
-17
Calculate (-3 - -4 - 4) + 15 + -7 - -2.
7
What is 93 + -70 + (-3 - -6 - 7 - 3)?
16
0 + (8 - (-2 + 6))
4
(-1 - (16 - 14)) + -1 + (20 - 3)
13
Evaluate 780 + -758 - (-2 - ((-2 - 4) + 0)).
18
Evaluate -1 - -5 - (37 + -46).
13
Evaluate (-10 - -3) + (-9 - -11 - 1).
-6
Calculate (35 - 3) + -18 - 19.
-5
What is (-4 + 2 - (-8 + 3)) + -12 + 6?
-3
What is 5 + -49 + 40 + (16 - 1)?
11
What is the value of -24 - -11 - (-8 + -5 - 0)?
0
-40 + 0 + 17 + 16
-7
What is the value of 9 - (-6 - -1 - (11 + (-13 - 6)))?
6
What is the value of 3 - (-1 - 1 - (0 + 2) - 5)?
12
What is the value of 20 - (12 + (-1 - (1 - -15)))?
25
Calculate -538 - -554 - (7 + -1 + 2).
8
What is -14 + 9 + (14 - 3) - (-15 - -9)?
12
4 + 12 + (-1 - 1 - (174 - 163))
3
(2 - 0 - (1 + -1) - -7) + -7
2
What is (-1 - -10) + (-44 - (25 - 41))?
-19
-29 + -1 + 32 - (2 - -1)
-1
What is the value of -35 + 39 - ((2 - 1) + -8)?
11
Calculate 4 - 7 - ((5 - 1) + -6) - -5.
4
Calculate -13 + 11 - (0 + (1 - 0)).
-3
What is -8 + -6 + (10 - (-3 + 3 - -5))?
-9
What is (-20 - -15) + 22 - -4?
21
8 + -62 + 32 + 32
10
What is the value of (-1 - (-3 - 0)) + (59 + 1 - 62)?
0
(1 - 7) + 9 + (7 - 6) - -3
7
Calculate -10 + -63 + 64 + 1 + 1.
-7
Evaluate 512 + -476 + (0 - 21).
15
Evaluate (8 - (50 + -53 - (-5 - 0))) + -20.
-14
(-10 - (2 - 5)) + (-2 - -4)
-5
What is the value of -140 + 138 - (10 + 6)?
-18
(0 + 11 - (-38 - -72 - 30)) + -41
-34
What is -5 + 18 + -14 - -10?
9
5 + (-7 - 0 - 21) - -8
-15
What is the value of 2 + 1 + -7 + (50 - (113 + -59))?
-8
-1 - 1 - (-13 - (-8 - 2 - -16))
17
-39 + 35 - (-6 + -2) - (14 + 3)
-13
What is 9 + (-40 - -17 - 19)?
-33
Calculate (8 - (-2 - -3) - -2) + (467 - 465).
11
What is the value of (-12 + 5 - -13) + (1 - 0) - 1?
6
What is -5 - (11 - (3 - (-3 + -3 + 4)))?
-11
(54 - 21) + -10 + -4 + -3 + -1
15
-3 - (-1 + 2 - 13)
9
What is (-22 - -15) + -3 + 28?
18
What is the value of -4 + -1 - (82 + -81 - (-1 + 0))?
-7
What is the value of (-3 - 9) + (2 - 2)?
-12
-2 - (17 + -63) - 46
-2
What is the value of 22 + -17 + -9 + (-18 - (2 - 3))?
-21
What is 6 - 11 - ((-7 - -6) + -7)?
3
Calculate 3 + 25 + -17 - (10 + 1).
0
(-14 - (4 + 21)) + -5 - -16
-28
What is the value of (-18 - (21 - 25)) + (-1 - 2) + 0?
-17
Evaluate 1 + -17 + (8 - -15).
7
What is -9 + (-8 - (3 + -7))?
-13
Evaluate -7 - (2 + (2 - 1) + -3).
-7
Evaluate -32 - (5 + -16) - -42 - 18.
3
What is 22 + (42 - 44) + 0 + -7 + 2?
15
-6 + 7 + (6 - (4 + -1))
4
What is the value of -18 + -13 + 18 - -1?
-12
What is the value of (-68 - -113 - 36) + 20 + -1?
28
-6 + (-5 - (-2 + 0) - (23 + -26))
-6
Calculate (-48 - -31) + 31 + 2.
16
(-15 - (19 + -29)) + 25
20
What is the value of 16 - (7 - (-40 + 64))?
33
What is the value of -15 + 12 + -2 - -8?
3
Calculate -91 + 83 - (1 + -2 + 7).
-14
-3 + 16 + -13 + 5
5
Evaluate -3 + -1 + (23 - 28) + 16.
7
Calculate (4 - 6 - (18 + -13)) + -1.
-8
(-23 - -49) + -19 + -3
4
Evaluate 5 - (-10 + 16 - (0 - 3)).
-4
What is -18 + 44 - 22 - (2 + -2 + -8)?
12
-4 + -3 + (-7 - -6) + 16
8
What is the value of (-4 - -16) + 9 - 21?
0
What is the value of (29 - 0) + -38 + 21 + -1?
11
Calculate 25 - (3 + -3) - 0 - 10.
15
What is the value of 236 + -251 - (2 + -6)?
-11
Calculate -17 - 2 - (-146 + 146 + (11 - 2)).
-28
Calculate 15 - (-7 + 12 + 7).
3
What is the value of -11 + -9 + -1 + 10?
-11
Evaluate -29 + 17 - -15 - (-1 - -9).
-5
Evaluate 10 + -21 - -3 - -14.
6
What is the value of 6 - (-3 + -3 + (4 - -2))?
6
Evaluate (-246 - -224 - (1 + 2)) + 8.
-17
Evaluate -140 - -166 - (4 + (1 - -8)).
13
Evaluate 1 + (10 - 24) + 11.
-2
Evaluate (2 - (-6 + 3)) + -27 + 13 + -5.
-14
What is 4 + -5 + -7 - (-3 + 3 - 12)?
4
Calculate (0 - 0 - 1) + -86 + 81.
-6
Calculate (1 - 4) + -3 + 11.
5
Calculate 3 - -1 - (32 + -54 - -18).
8
44 + -16 + -5 - 5
18
Calculate (0 + 1 - (-10 - (-2 - -4))) + 2.
15
Calculate (24 - 30) + (2 - -17).
13
Calculate 126 + -134 + (-3 - (-2 - 5)).
-4
Calculate (-11 - (-59 + 22)) + -40.
-14
10 + (-